{"id":25,"date":"2026-04-19T09:24:46","date_gmt":"2026-04-19T09:24:46","guid":{"rendered":"https:\/\/sweet-eagle-tribe.fr\/?page_id=25"},"modified":"2026-04-19T09:34:52","modified_gmt":"2026-04-19T09:34:52","slug":"pourquoi-nous-dansons","status":"publish","type":"page","link":"https:\/\/sweet-eagle-tribe.fr\/?page_id=25","title":{"rendered":"Pourquoi nous dansons"},"content":{"rendered":"\t\t<div data-elementor-type=\"wp-post\" data-elementor-id=\"25\" class=\"elementor elementor-25\">\n\t\t\t\t<div class=\"elementor-element elementor-element-3303fd8 e-flex e-con-boxed e-con e-parent\" data-id=\"3303fd8\" data-element_type=\"container\" data-e-type=\"container\">\n\t\t\t\t\t<div class=\"e-con-inner\">\n\t\t<div class=\"elementor-element elementor-element-a3513e2 e-con-full e-flex e-con e-child\" data-id=\"a3513e2\" data-element_type=\"container\" data-e-type=\"container\">\n\t\t\t\t<div class=\"elementor-element elementor-element-803a6be elementor-widget elementor-widget-text-editor\" data-id=\"803a6be\" data-element_type=\"widget\" data-e-type=\"widget\" data-widget_type=\"text-editor.default\">\n\t\t\t\t\t\t\t\t\t<h1>Pourquoi nous dansons<\/h1>\t\t\t\t\t\t\t\t<\/div>\n\t\t\t\t<\/div>\n\t\t<div class=\"elementor-element elementor-element-2d057fc e-con-full e-flex e-con e-child\" data-id=\"2d057fc\" data-element_type=\"container\" data-e-type=\"container\">\n\t\t\t\t<\/div>\n\t\t\t\t\t<\/div>\n\t\t\t\t<\/div>\n\t\t<div class=\"elementor-element elementor-element-2b70a55 e-flex e-con-boxed e-con e-parent\" data-id=\"2b70a55\" data-element_type=\"container\" data-e-type=\"container\">\n\t\t\t\t\t<div class=\"e-con-inner\">\n\t\t<div class=\"elementor-element elementor-element-0422247 e-con-full e-flex e-con e-child\" data-id=\"0422247\" data-element_type=\"container\" data-e-type=\"container\">\n\t\t\t\t\t\t\t\n\t\t<img class=\"e-image-base e-2016e1e-85c7c33\" \n\t\t\t\t\tdata-interaction-id=\"2016e1e\" \n\t\t \n\t\t \n\t\t\t\t\t\t\t\t\tid=\"687\"\n\t\t\t\t\t\t\t\t\t\t\t\tsrc=\"https:\/\/sweet-eagle-tribe.fr\/wp-content\/uploads\/2026\/04\/shining-danse-300x185-1.jpg\"\n\t\t\t\t\t\t\t\t\t\t\t\twidth=\"300\"\n\t\t\t\t\t\t\t\t\t\t\t\theight=\"185\"\n\t\t\t\t\t\t\t\t\t\t\t\tsrcset=\"\"\n\t\t\t\t\t\t\t\t\t\t\t\talt=\"\"\n\t\t\t\t\t\t\/>\n\t\t\t\t\t<\/div>\n\t\t<div class=\"elementor-element elementor-element-7990bc7 e-con-full e-flex e-con e-child\" data-id=\"7990bc7\" data-element_type=\"container\" data-e-type=\"container\">\n\t\t\t\t<div class=\"elementor-element elementor-element-ade5479 elementor-widget elementor-widget-text-editor\" data-id=\"ade5479\" data-element_type=\"widget\" data-e-type=\"widget\" data-widget_type=\"text-editor.default\">\n\t\t\t\t\t\t\t\t\t<p><strong>Nous dansons\u00a0pour<\/strong> la connexion avec le Grand Esprit, Wakan Tanka, le Profond myst\u00e8re<\/p><p><strong>Nous dansons pour<\/strong> le Sol Sacr\u00e9 de M\u00e8re Terre<\/p><p><strong>Nous dansons pour<\/strong> l\u2019alignement de notre conscience et l\u2019expansion de la Lumi\u00e8re<\/p><p><strong>Nous dansons pour<\/strong> honorer notre diversit\u00e9, nos diff\u00e9rences de cultures, de nationalit\u00e9s, traditions et religions<\/p><p><strong>Nous dansons pour<\/strong> la fin des dogmes, des jugements et la certitude qu\u2019il existe un seul chemin\u00a0: celui du c\u0153ur et de la libert\u00e9<\/p><p><strong>Nous dansons pour<\/strong> la gu\u00e9rison personnelle et collective<\/p><p><strong>Nous dansons pour<\/strong> apprendre \u00e0 faire face aux d\u00e9fis de notre vie quotidienne<\/p><p><strong>Nous dansons pour<\/strong> la fin de l\u2019ignorance et de la souffrance, la fin de notre n\u00e9gativit\u00e9, des conflits, des guerres, de la mis\u00e8re et de la destruction personnelle et collective<\/p><p><strong>Nous dansons pour<\/strong> la fin de la comp\u00e9tition, de la rivalit\u00e9 et du pouvoir entre l\u2019Homme et la Femme<\/p><p><strong>Nous dansons pour<\/strong> la paix et l\u2019unit\u00e9 de nos polarit\u00e9s<\/p><p><strong>Nous dansons pour<\/strong> manifester notre R\u00eave Sacr\u00e9<\/p><p><strong>Nous dansons avec<\/strong> gratitude pour ceux qui sont venus avant nous, les anc\u00eatres et nous dansons pour notre lign\u00e9e personnelle, nos amis, notre famille et tous ceux que nous aimons<\/p><p><strong>Nous dansons pour<\/strong> les enfants des g\u00e9n\u00e9rations \u00e0 venir<\/p>\t\t\t\t\t\t\t\t<\/div>\n\t\t\t\t<\/div>\n\t\t\t\t\t<\/div>\n\t\t\t\t<\/div>\n\t\t\t\t<\/div>\n\t\t","protected":false},"excerpt":{"rendered":"<p>Pourquoi nous dansons Nous dansons\u00a0pour la connexion avec le Grand Esprit, Wakan Tanka, le Profond myst\u00e8re Nous dansons pour le Sol Sacr\u00e9 de M\u00e8re Terre Nous dansons pour l\u2019alignement de notre conscience et l\u2019expansion de la Lumi\u00e8re Nous dansons pour honorer notre diversit\u00e9, nos diff\u00e9rences de cultures, de nationalit\u00e9s, traditions et religions Nous dansons pour [&hellip;]<\/p>\n","protected":false},"author":1,"featured_media":0,"parent":0,"menu_order":0,"comment_status":"closed","ping_status":"closed","template":"","meta":{"footnotes":""},"class_list":["post-25","page","type-page","status-publish","hentry"],"_links":{"self":[{"href":"https:\/\/sweet-eagle-tribe.fr\/index.php?rest_route=\/wp\/v2\/pages\/25","targetHints":{"allow":["GET"]}}],"collection":[{"href":"https:\/\/sweet-eagle-tribe.fr\/index.php?rest_route=\/wp\/v2\/pages"}],"about":[{"href":"https:\/\/sweet-eagle-tribe.fr\/index.php?rest_route=\/wp\/v2\/types\/page"}],"author":[{"embeddable":true,"href":"https:\/\/sweet-eagle-tribe.fr\/index.php?rest_route=\/wp\/v2\/users\/1"}],"replies":[{"embeddable":true,"href":"https:\/\/sweet-eagle-tribe.fr\/index.php?rest_route=%2Fwp%2Fv2%2Fcomments&post=25"}],"version-history":[{"count":9,"href":"https:\/\/sweet-eagle-tribe.fr\/index.php?rest_route=\/wp\/v2\/pages\/25\/revisions"}],"predecessor-version":[{"id":694,"href":"https:\/\/sweet-eagle-tribe.fr\/index.php?rest_route=\/wp\/v2\/pages\/25\/revisions\/694"}],"wp:attachment":[{"href":"https:\/\/sweet-eagle-tribe.fr\/index.php?rest_route=%2Fwp%2Fv2%2Fmedia&parent=25"}],"curies":[{"name":"wp","href":"https:\/\/api.w.org\/{rel}","templated":true}]}}