{"id":268,"date":"2026-04-17T14:41:02","date_gmt":"2026-04-17T14:41:02","guid":{"rendered":"https:\/\/sweet-eagle-tribe.fr\/?page_id=268"},"modified":"2026-04-17T15:46:03","modified_gmt":"2026-04-17T15:46:03","slug":"qui-sommes-nous","status":"publish","type":"page","link":"https:\/\/sweet-eagle-tribe.fr\/?page_id=268","title":{"rendered":"Qui sommes-nous ?"},"content":{"rendered":"\t\t<div data-elementor-type=\"wp-page\" data-elementor-id=\"268\" class=\"elementor elementor-268\">\n\t\t\t\t<div class=\"elementor-element elementor-element-23f3eeb2 e-flex e-con-boxed e-con e-parent\" data-id=\"23f3eeb2\" data-element_type=\"container\" data-e-type=\"container\" data-settings=\"{&quot;background_background&quot;:&quot;classic&quot;}\">\n\t\t\t\t\t<div class=\"e-con-inner\">\n\t\t\t\t<div class=\"elementor-element elementor-element-3edb7806 elementor-widget__width-auto e-transform elementor-widget elementor-widget-text-editor\" data-id=\"3edb7806\" data-element_type=\"widget\" data-e-type=\"widget\" data-settings=\"{&quot;_transform_translateX_effect&quot;:{&quot;unit&quot;:&quot;px&quot;,&quot;size&quot;:&quot;&quot;,&quot;sizes&quot;:[]},&quot;_transform_translateX_effect_tablet&quot;:{&quot;unit&quot;:&quot;px&quot;,&quot;size&quot;:&quot;&quot;,&quot;sizes&quot;:[]},&quot;_transform_translateX_effect_mobile&quot;:{&quot;unit&quot;:&quot;px&quot;,&quot;size&quot;:&quot;&quot;,&quot;sizes&quot;:[]},&quot;_transform_translateY_effect&quot;:{&quot;unit&quot;:&quot;px&quot;,&quot;size&quot;:&quot;&quot;,&quot;sizes&quot;:[]},&quot;_transform_translateY_effect_tablet&quot;:{&quot;unit&quot;:&quot;px&quot;,&quot;size&quot;:&quot;&quot;,&quot;sizes&quot;:[]},&quot;_transform_translateY_effect_mobile&quot;:{&quot;unit&quot;:&quot;px&quot;,&quot;size&quot;:&quot;&quot;,&quot;sizes&quot;:[]}}\" data-widget_type=\"text-editor.default\">\n\t\t\t\t\t\t\t\t\t<h1>Sweet Eagle Tribe<\/h1>\n<h2>Origine du projet<\/h2>\n<p><!-- \/wp:paragraph --><!-- wp:paragraph --><\/p>\n<p><strong>Sweet Eagle Tribe<\/strong> est une association fran\u00e7aise dont les buts sont de promouvoir la sagesse port\u00e9e entre autres par les traditions am\u00e9rindiennes, de renforcer l\u2019amiti\u00e9 entre les peuples et de contribuer \u00e0 la protection de la M\u00e8re Terre.<br \/><strong>Sweet Eagle Tribe<\/strong> promeut et d\u00e9veloppe des manifestations qui rassemblent au-del\u00e0 des dogmes, des traditions et des cultures des hommes et des femmes d\u2019horizons diff\u00e9rents. Il s\u2019agit d\u2019acc\u00e9der \u00e0 une sagesse ancestrale et de renforcer la conscience et la connaissance universelle. Ce processus oeuvre pour la transformation et la gu\u00e9rison de chacun et de la plan\u00e8te.<\/p>\n<h2>Notre \u00e9quipe<\/h2>\n<p>Notre \u00e9quipe est compos\u00e9e de citoyens fran\u00e7ais, Suisse et br\u00e9siliens, r\u00e9unis autour de Sylvie Shining, conscients que notre soci\u00e9t\u00e9 et notre plan\u00e8te appelle \u00e0 revisiter des sagesses ancestrales pour une meilleure reconnexion \u00e0 la nature et notre vraie nature. Dans une d\u00e9marche d\u2019ouverture et de douceur, nous \u0153uvrons b\u00e9n\u00e9volement l\u00e0 o\u00f9 nous pouvons. Nous sommes entrepreneurs, coachs, facilitateurs, innovateurs, artistes\u2026 et nous dansons pour le partage des cultures am\u00e9rindiennes entre les peuples.<br \/>\u00a9 Cynthia Cappe<\/p>\n<p><!-- \/wp:paragraph --><!-- wp:paragraph --><\/p>\n<p><!-- \/wp:paragraph --><\/p>\t\t\t\t\t\t\t\t<\/div>\n\t\t\t\t\t<\/div>\n\t\t\t\t<\/div>\n\t\t\t\t<\/div>\n\t\t","protected":false},"excerpt":{"rendered":"<p>Sweet Eagle Tribe Origine du projet Sweet Eagle Tribe est une association fran\u00e7aise dont les buts sont de promouvoir la sagesse port\u00e9e entre autres par les traditions am\u00e9rindiennes, de renforcer l\u2019amiti\u00e9 entre les peuples et de contribuer \u00e0 la protection de la M\u00e8re Terre.Sweet Eagle Tribe promeut et d\u00e9veloppe des manifestations qui rassemblent au-del\u00e0 des [&hellip;]<\/p>\n","protected":false},"author":1,"featured_media":0,"parent":0,"menu_order":0,"comment_status":"closed","ping_status":"closed","template":"elementor_header_footer","meta":{"footnotes":""},"class_list":["post-268","page","type-page","status-publish","hentry"],"_links":{"self":[{"href":"https:\/\/sweet-eagle-tribe.fr\/index.php?rest_route=\/wp\/v2\/pages\/268","targetHints":{"allow":["GET"]}}],"collection":[{"href":"https:\/\/sweet-eagle-tribe.fr\/index.php?rest_route=\/wp\/v2\/pages"}],"about":[{"href":"https:\/\/sweet-eagle-tribe.fr\/index.php?rest_route=\/wp\/v2\/types\/page"}],"author":[{"embeddable":true,"href":"https:\/\/sweet-eagle-tribe.fr\/index.php?rest_route=\/wp\/v2\/users\/1"}],"replies":[{"embeddable":true,"href":"https:\/\/sweet-eagle-tribe.fr\/index.php?rest_route=%2Fwp%2Fv2%2Fcomments&post=268"}],"version-history":[{"count":13,"href":"https:\/\/sweet-eagle-tribe.fr\/index.php?rest_route=\/wp\/v2\/pages\/268\/revisions"}],"predecessor-version":[{"id":342,"href":"https:\/\/sweet-eagle-tribe.fr\/index.php?rest_route=\/wp\/v2\/pages\/268\/revisions\/342"}],"wp:attachment":[{"href":"https:\/\/sweet-eagle-tribe.fr\/index.php?rest_route=%2Fwp%2Fv2%2Fmedia&parent=268"}],"curies":[{"name":"wp","href":"https:\/\/api.w.org\/{rel}","templated":true}]}}